 255 = -0*x + 2*s. What is the greatest common factor of x and m?
53
Let l be (5/(-20))/((-3)/12). Suppose 0 = 24*v - 38 - 154. Let m = 11 - v. Calculate the highest common divisor of m and l.
1
Let v(q) = q**2 - 9*q - 17. Let x be v(-8). Let d = x + -115. Calculate the greatest common factor of 64 and d.
4
Suppose 2*z = f + 32240, -487*z - 16105 = -488*z - 2*f. What is the highest common factor of z and 227?
227
Suppose 0 = -8*v - 1660 + 1852. Calculate the greatest common factor of 2276 and v.
4
Suppose 4*y + 3*p - 2235 = 0, -54*p + 52*p = 4*y - 2230. Calculate the highest common divisor of 75 and y.
15
Let h(t) = -2*t - 25. Let n be h(-13). Suppose 2*l - w = 53, n = -5*l + w + 132. Calculate the highest common divisor of l and 52.
26
Let t(i) = i**3 + 14*i**2 - 41*i + 20. Let n be t(2). Calculate the highest common factor of n and 1154.
2
Suppose 4*f - 2*y = 20, 4*f + 4*y = 3*y + 20. Let g = -1 - -21. What is the greatest common factor of f and g?
5
Let x be 6/((-4)/(-8) + 1). Let p(c) = -4*c + 20. Let r = -77 + 73. Let j be p(r). What is the greatest common divisor of x and j?
4
Let z(h) = 468*h**2 + 20*h - 91. Let o be z(3). What is the greatest common factor of o and 37?
37
Let b = -202 - -364. Let p be -126*(-3 + 70/28). What is the greatest common factor of b and p?
9
Suppose 279*y = 276*y + 804. What is the greatest common divisor of y and 1474?
134
Let p be (7/(385/1584))/((9/60)/1). Calculate the highest common divisor of 80 and p.
16
Let r = 451 - 318. Calculate the highest common divisor of 6251 and r.
133
Suppose 0 = 4*m - 28, -1017 = -4*x - 5*m + 7898. What is the greatest common divisor of x and 4884?
444
Let l = 2981 - 2820. Calculate the highest common divisor of l and 168.
7
Let g be (-3 - 0 - 372)*18/(-45). Suppose 30*l - 5*l - g = 0. Calculate the highest common divisor of 9 and l.
3
Suppose -22*h - 62*h + 7812 = 102*h. Calculate the greatest common factor of 5460 and h.
42
Let n(x) = 66*x + 507. Let b be n(-7). What is the greatest common factor of b and 645?
15
Suppose -y + 2 + 3 = 0, 0 = 2*z + 4*y - 86. Let u be (24/48)/((3/84)/(1452/77)). What is the greatest common divisor of u and z?
33
Let m be (1 + 2)/((-3)/(-56)). Let p = -7 - -15. Suppose -80 = -p*b - 2*b. What is the greatest common divisor of b and m?
8
Suppose s = 3*x - 6065, -65*s + 4050 = 2*x - 69*s. Calculate the highest common factor of x and 172.
43
Let t be (-54)/(-4)*6748/4338. Let z(d) = -34*d + 1. Let g be z(-8). What is the greatest common divisor of t and g?
21
Let u = -15707 + 15709. Calculate the greatest common divisor of u and 1417.
1
Suppose -4*g + 645 = 5*k, 0*g = 3*g + 2*k - 475. Let c(v) = -50*v**2 + 454*v - 5. Let s be c(9). Calculate the highest common divisor of g and s.
31
Let v(n) = -3*n**2 - 21*n + 8. Let b be v(-7). Suppose 5*m = -3*g + 120, 5*m = -2*g + 112 + b. What is the greatest common factor of 30 and m?
6
Suppose p - 50 = -3*l, 5*l - p - 124 = -38. Let v(a) = -78 - 59 + 70*a - 24*a - 66. Let i be v(7). What is the highest common factor of i and l?
17
Suppose -27*b + 15*b + 1764 = 0. Let u be (-28)/(-6)*7/(b/216). Calculate the greatest common factor of 6 and u.
6
Let m(o) = 3*o**3 - 2*o**2 - 65*o + 441. Let k be m(14). Calculate the highest common divisor of 182 and k.
91
Suppose -3*b + 33 = 3*k, 2*k - 69 = -4*b + 3*k. Let o be ((-20)/b)/((-6)/120). Calculate the highest common factor of o and 25.
25
Suppose -4*o + 13 = -o - x, 0 = -o + 2*x + 11. Suppose 5*d = o*t + 107, -d + 3*t + 11 = 5*t. What is the greatest common divisor of d and 19?
19
Let q(c) = -521*c - 160. Let x be q(-2). Calculate the highest common divisor of 126 and x.
126
Let x = -30609 - -30657. What is the highest common factor of 6000 and x?
48
Let x = 36 + -45. Let n = -9 - x. Suppose n*a + 16 = 3*o - a, 12 = -o - 4*a. What is the greatest common factor of 44 and o?
4
Suppose 146*w + 30*w = 27*w + 5960. Let t(f) = 35*f**2 - 4. Let c be t(-2). What is the highest common factor of c and w?
8
Suppose 194 = 4*f - 2*n, -10*n = -7*n + 15. What is the greatest common factor of 1219 and f?
23
Suppose -23*d + 234336 - 60272 = 0. Calculate the greatest common divisor of 22 and d.
22
Let h = -64 - -69. Suppose f - 19 = -3*f - h*w, -w + 23 = 4*f. Calculate the greatest common factor of 9 and f.
3
Let m = -867 - -868. Let y be (45/(-135))/(m/(-75)). Calculate the highest common divisor of 425 and y.
25
Let j(q) = -33*q - 63. Let f be j(-2). Suppose -u + 38 + 140 = -2*l, 0 = -f*u - 4*l + 564. What is the greatest common divisor of 46 and u?
46
Suppose 7*p - 24150 = -2*p - 12*p. What is the greatest common divisor of p and 69?
23
Suppose -1524 + 123 = -21*h + 3051. What is the highest common factor of 3233 and h?
53
Suppose 2*l - 10543 + 4321 = 0. What is the highest common divisor of l and 68?
17
Let k = 41 + -36. Suppose -k*j - 26 = -m, 4*m - m - 5*j = 78. Suppose 5*d = s - m, -3*d + 2 = -d. What is the greatest common divisor of 279 and s?
31
Suppose 135*h - 125*h = 200. What is the greatest common divisor of 670 and h?
10
Let i(r) = -37*r + 2. Suppose 6 = -4*b + f, 0 = 6*b - 3*b - 4*f - 2. Let s be i(b). Calculate the highest common factor of 1444 and s.
76
Suppose -10 - 2 = -d. Let a = d + -18. Let f be 1898/14 - a/14. Calculate the greatest common divisor of 17 and f.
17
Let o be (2010/25)/(19/((-7980)/(-24))). Calculate the highest common factor of o and 273.
21
Let i = 1897 - 471. Suppose 4*x = 5*g - i - 750, x + 436 = g. Calculate the greatest common divisor of g and 16.
16
Suppose 0 = 4*n + 3*x - 41, 4*n - 3*x = 149 - 126. What is the highest common divisor of 4208 and n?
8
Let m = -4315 - -4352. Calculate the highest common divisor of 2257 and m.
37
Suppose -s = -34*t + 32*t + 1, -4*s = -5*t + 7. Let j be 179 - (0 - (5 - t)). What is the greatest common factor of 74 and j?
37
Suppose -81*y + 63 = -80*y + 15. Calculate the greatest common factor of y and 180.
12
Let m be (-97 - -1)/(-1 - (-261)/288). Calculate the highest common factor of m and 112.
16
Let a be 30/180*-30 + (2 - 1) + 1027. Calculate the greatest common divisor of a and 165.
33
Let w be (-370)/111*672/(-35). Suppose 0 = 3*v - 4*n + 2, 3*v + 0 = 3*n + 3. Let p = v + 2. What is the greatest common factor of w and p?
8
Let d = 5991 + -5797. What is the highest common factor of 9409 and d?
97
Let s(h) = -h + 7. Let a be s(7). Suppose -3*x - 6*o + 2*o = -125, a = 4*x + o - 145. Calculate the highest common divisor of x and 49.
7
Suppose 4*r = -2*z - 14, 5*z - 2*r = -6*r - 5. Suppose -5*w - 5*k = -175 + 40, -z*w + k = -89. Calculate the highest common factor of w and 116.
29
Let q be 10*(-13)/(-650) - 1095/(-25). Let b(o) = 37*o**2 + 6*o + 4. Let x be b(-4). Calculate the greatest common divisor of x and q.
44
Suppose 859*k + 23088 = 867*k. Calculate the greatest common factor of 39 and k.
39
Let y = -2056 + 2277. What is the highest common factor of 13 and y?
13
Let y(s) = -99*s - 4157. Let a be y(-48). Let i be 7*(-6)/(24/(-20)). Calculate the highest common divisor of i and a.
35
Let w = 0 - -3. Let i(f) = 22*f - 14. Let n be i(w). Let k = n + -43. What is the greatest common divisor of 54 and k?
9
Let d(t) = t**3 - 38*t**2 - 94*t - 30. Let x be d(40). Let o = x - -654. What is the greatest common divisor of 4 and o?
4
Suppose -428*r + 19 = -447*r + 152. What is the greatest common factor of r and 173?
1
Let w = 2014 - 1827. Calculate the highest common divisor of 55 and w.
11
Let w be (6 - 7)*(1 - -223). Let s = w - -334. Calculate the highest common factor of 10 and s.
10
Let h be (-772 + 13 + -3)*5067/(-54). What is the greatest common divisor of h and 127?
127
Let k = -1481 - -1580. Calculate the highest common divisor of 143 and k.
11
Suppose -5*l = -6*l - 5*r + 4, 0 = 2*r. Suppose 5*n = -l*u + 300, 5*u + 3*n - 408 = 5*n. What is the greatest common divisor of 16 and u?
16
Let v(f) = 5*f**2 - 95*f - 1630. Let u be v(-18). What is the highest common divisor of 3100 and u?
100
Suppose 0 = 24*c + 25*c. Let j be (-6)/27 - 4/(-18). Suppose c = 6*a - j - 12. What is the greatest common divisor of 8 and a?
2
Let a = -109 + 208. Let h be (-10)/(-3*(-5)/(-54)). Calculate the highest common divisor of h and a.
9
Let v(m) = -m**2 + 17*m - 48. Let b be v(20). Let x = b + 220. What is the greatest common